and 466?
466
What is the greatest common divisor of 95 and 173109?
19
What is the highest common factor of 26778 and 54?
6
Calculate the greatest common factor of 169356 and 30.
6
What is the highest common divisor of 2100 and 18840?
60
What is the highest common divisor of 38994 and 15714?
582
What is the greatest common divisor of 26 and 1411020?
26
Calculate the greatest common factor of 426 and 5328.
6
Calculate the highest common factor of 484154 and 110.
22
Calculate the highest common divisor of 241988 and 4.
4
What is the greatest common factor of 5965 and 5515?
5
What is the highest common divisor of 665 and 35815?
95
Calculate the highest common divisor of 27506 and 136.
34
What is the greatest common factor of 418 and 24508?
22
What is the greatest common factor of 160 and 16630?
10
What is the greatest common divisor of 749 and 203?
7
Calculate the greatest common divisor of 2212288 and 832.
832
Calculate the highest common factor of 893 and 1596.
19
What is the greatest common divisor of 53582 and 1314?
146
What is the greatest common divisor of 5 and 49835?
5
What is the greatest common factor of 14016 and 13578?
438
Calculate the greatest common divisor of 991 and 1.
1
Calculate the highest common factor of 9948198 and 26.
26
Calculate the highest common factor of 721 and 42127.
103
Calculate the greatest common divisor of 716 and 59965.
179
Calculate the greatest common divisor of 9184 and 13284.
164
What is the highest common factor of 1967992 and 16?
8
Calculate the highest common divisor of 1467 and 7987.
163
What is the greatest common factor of 826 and 336772?
118
Calculate the greatest common divisor of 57486 and 18.
6
Calculate the greatest common factor of 619 and 425872.
619
What is the highest common divisor of 943066 and 4?
2
What is the highest common divisor of 459 and 198509?
17
What is the greatest common factor of 221 and 10421?
17
What is the highest common factor of 3381 and 6854?
23
Calculate the greatest common factor of 558023 and 905.
181
What is the highest common factor of 4784 and 47242?
598
What is the highest common divisor of 1770 and 80235?
15
Calculate the highest common divisor of 1796 and 21103.
449
Calculate the greatest common divisor of 464436 and 14.
14
Calculate the greatest common factor of 318 and 5618.
106
Calculate the greatest common divisor of 42 and 178626.
42
What is the highest common factor of 37348 and 52?
4
What is the highest common factor of 180 and 295860?
60
Calculate the highest common factor of 20600895 and 1085.
1085
What is the highest common factor of 7329744 and 72?
72
Calculate the highest common factor of 2320 and 112085.
145
Calculate the highest common divisor of 70 and 77910.
70
Calculate the highest common factor of 32 and 2967936.
32
What is the greatest common factor of 3201 and 66?
33
Calculate the highest common factor of 24828 and 84.
12
Calculate the greatest common divisor of 189 and 1453137.
21
What is the greatest common divisor of 737 and 131119?
67
What is the greatest common divisor of 121 and 510499?
121
What is the greatest common divisor of 287 and 545382?
41
What is the greatest common divisor of 1740 and 30552?
12
Calculate the highest common divisor of 205 and 245.
5
Calculate the highest common divisor of 81 and 10585323.
81
What is the highest common factor of 1347691 and 179?
179
Calculate the highest common divisor of 1409 and 72.
1
What is the highest common divisor of 460020 and 12?
12
What is the highest common factor of 16560 and 3420?
180
Calculate the greatest common factor of 175958 and 3492.
194
Calculate the highest common divisor of 348 and 124410.
174
What is the greatest common divisor of 2852 and 2728?
124
Calculate the greatest common divisor of 5663 and 112.
7
Calculate the greatest common factor of 59620 and 390.
10
What is the highest common divisor of 1010650 and 41?
41
What is the greatest common divisor of 85744 and 44712?
184
What is the greatest common factor of 44 and 308011?
11
Calculate the highest common divisor of 534135 and 285.
15
What is the greatest common divisor of 265 and 6413?
53
What is the highest common factor of 60444 and 204516?
828
What is the highest common factor of 53851 and 4867?
157
What is the highest common factor of 70 and 16150?
10
Calculate the highest common factor of 59495 and 652.
163
Calculate the highest common factor of 126 and 133074.
18
Calculate the greatest common factor of 78757 and 7.
7
What is the greatest common divisor of 861 and 2583?
861
What is the highest common factor of 1315 and 25?
5
What is the highest common divisor of 540 and 257970?
30
What is the highest common factor of 35415 and 75?
15
What is the highest common factor of 130 and 210?
10
Calculate the highest common factor of 3075 and 18860.
205
What is the highest common divisor of 801 and 19491?
267
What is the highest common factor of 3027437 and 7?
7
What is the greatest common factor of 108 and 28134?
54
What is the greatest common factor of 60857 and 285?
19
Calculate the highest common divisor of 822833 and 93.
31
Calculate the highest common factor of 182 and 4998.
14
Calculate the greatest common divisor of 456 and 3576.
24
What is the highest common divisor of 207390 and 25645?
1115
Calculate the highest common factor of 515 and 69731.
103
What is the highest common factor of 432 and 566448?
48
What is the greatest common divisor of 194920 and 10?
10
Calculate the greatest common divisor of 232 and 226200.
232
Calculate the highest common factor of 101270 and 65.
65
Calculate the highest common divisor of 8481 and 297.
33
Calculate the greatest common factor of 1855 and 130115.
265
Calculate the highest common factor of 82 and 4402580.
82
What is the highest common divisor of 197 and 941857?
197
Calculate the highest common divisor of 106 and 105099.
53
Calculate the greatest common factor of 282 and 110685.
141
What is the greatest common factor of 885 and 52800?
15
What is the highest common divisor of 300 and 105660?
60
What is the highest common divisor of 45632 and 960?
64
Calculate the greatest common divisor of 5047 and 147.
49
Calculate the highest common factor of 153975 and 825.
75
Calculate the greatest common divisor of 148 and 65860.
148
Calculate the highest common divisor of 130539 and 106.
53
Calculate the highest common divisor of 100 and 75900.
100
What is the greatest common factor of 10164 and 1568?
28
Calculate the highest common divisor of 561 and 1069113.
51
Calculate the highest common factor of 278223 and 264.
33
Calculate the greatest common factor of 45 and 99435.
15
What is the greatest common factor of 248075 and 1625?
25
What is the greatest common divisor of 1246 and 1225?
7
What is the greatest common factor of 140 and 405965?
35
Calculate the highest common divisor of 462670 and 130.
130
Calculate the highest common factor of 20737 and 89.
89
What is the highest common factor of 1804 and 45428?
164
What is the highest common divisor of 1808 and 120797?
113
What is the highest common divisor of 2300 and 20516?
92
What is the greatest common factor of 72 and 644?
4
Calculate the greatest common divisor of 13250 and 130115.
265
Calculate the greatest common divisor of 21382 and 2.
2
Calculate the greatest common divisor of 10 and 59195.
5
Calculate the highest common factor of 219 and 11023.
73
Calculate the highest common factor of 464 and 328628.
116
What is the greatest common divisor of 4 and 49316?
4
Calculate the highest common factor of 124 and 206.
2
Calculate the greatest common divisor of 72 and 2778012.
36
Calculate the highest common factor of 2695 and 14.
7
What is the greatest common factor of 275296 and 8?
8
What is the greatest common factor of 849705 and 15?
15
What is the greatest common divisor of 69920 and 92?
92
Calculate the greatest common divisor of 1859 and 14300.
143
Calculate the highest common divisor of 1746 and 6516.
18
Calculate the highest common factor of 276667 and 2615.
523
What is the greatest common divisor of 7044 and 96?
12
What is the highest common divisor of 188 and 7708?
188
Calculate the greatest common factor of 13512 and 1362.
6
Calculate the highest common factor of 140 and 16220.
20
What is the highest common divisor of 28